t is -1 + 20717?
20716
In base 16, what is 31015 - -5?
3101a
In base 14, what is -2 + 4829?
4827
In base 15, what is -9e45 - 4?
-9e49
In base 7, what is -62 + 32664?
32602
In base 3, what is 101202210122 - 12?
101202210110
In base 8, what is 1 - -130334?
130335
In base 3, what is 100112100010001 - 0?
100112100010001
In base 12, what is 1729 + 3?
1730
In base 11, what is -5 + 78352?
78348
In base 12, what is -371 - 527?
-898
In base 10, what is 0 + -142093?
-142093
In base 5, what is -10 - -131310?
131300
In base 16, what is -277 + -68?
-2df
In base 14, what is 10b75 - 25?
10b50
In base 3, what is 1200201 + -22022?
1101102
In base 15, what is 2 - -27ed?
2800
In base 9, what is 51411 + 2?
51413
In base 6, what is -4 + 1410033?
1410025
In base 9, what is 4 + 11740?
11744
In base 14, what is -4 + -10bb?
-10c1
In base 16, what is 83bc + -1a?
83a2
In base 12, what is 142 - -1317?
1459
In base 4, what is -223232102 - -21?
-223232021
In base 10, what is -3 + -784073?
-784076
In base 14, what is -1 + 8c60?
8c5d
In base 16, what is 4 - 10618?
-10614
In base 11, what is 3 - 46391?
-46389
In base 13, what is b - 11616?
-11608
In base 15, what is -1 + 72c?
72b
In base 3, what is -20 - 20121010?
-20121100
In base 6, what is -4005140 + -2?
-4005142
In base 3, what is 1 - -1122012212?
1122012220
In base 13, what is -b01 - -6?
-ac8
In base 2, what is -111101010000 + -110?
-111101010110
In base 8, what is 7 + -2004604?
-2004575
In base 8, what is 11 - 5355?
-5344
In base 16, what is 4f + -49f?
-450
In base 14, what is 44b + -95?
396
In base 6, what is 31425550 - 4?
31425542
In base 12, what is 2 + 907a?
9080
In base 4, what is -3 + 11121330?
11121321
In base 16, what is -1a8cc + 5?
-1a8c7
In base 6, what is -305 + 21541?
21232
In base 8, what is 1440 - 1335?
103
In base 11, what is 5a7 + a5?
6a1
In base 9, what is 1 - 50187?
-50186
In base 4, what is -2231 - -1130021?
1121130
In base 12, what is 31815 + 38?
31851
In base 12, what is -5a806 + -6?
-5a810
In base 5, what is -1402140 + -3?
-1402143
In base 11, what is -54777 + -2?
-54779
In base 9, what is -1330 + -76?
-1416
In base 10, what is 0 - -147604?
147604
In base 9, what is 63358 - -6?
63365
In base 13, what is 112713 + 0?
112713
In base 7, what is -12011 - -34?
-11644
In base 8, what is 434232 + -6?
434224
In base 8, what is -27266 - -50?
-27216
In base 7, what is 512 + -2214?
-1402
In base 3, what is 10 - 1012010100?
-1012010020
In base 9, what is -1033 + 0?
-1033
In base 9, what is 7733 + -6?
7726
In base 4, what is -11312323 - -11?
-11312312
In base 16, what is cbb + 4?
cbf
In base 7, what is 4 + 321654?
321661
In base 4, what is 100111213 - -2?
100111221
In base 15, what is a85 - 8?
a7c
In base 15, what is -77c34d - -3?
-77c34a
In base 11, what is -5 - -11239?
11234
In base 14, what is -c926 - a?
-c932
In base 14, what is -58 - b0?
-128
In base 15, what is -185 - 45?
-1ca
In base 11, what is -4 - 15782?
-15786
In base 8, what is 1245 - 41?
1204
In base 8, what is 444 + 10?
454
In base 3, what is 121201102 + 10012?
121211121
In base 2, what is -10100011100 - -10000100?
-10010011000
In base 11, what is 2 - 32517a?
-325178
In base 2, what is 1100 - 11101001011?
-11100111111
In base 12, what is b908 + -2?
b906
In base 3, what is -1011 + 11200?
10112
In base 7, what is -2252 + 61?
-2161
In base 12, what is 22 - -20b?
231
In base 3, what is 12101022 - -12102?
12120201
In base 6, what is -10243331 + -1?
-10243332
In base 3, what is -10 - -22220121211?
22220121201
In base 11, what is 174 - 69?
106
In base 8, what is -1502 + -4?
-1506
In base 12, what is 2886 - 10?
2876
In base 6, what is -22421 - -54?
-22323
In base 9, what is 21 - 12450?
-12428
In base 8, what is -25007 + -3?
-25012
In base 9, what is 380764 - 7?
380756
In base 7, what is 642523 - 3?
642520
In base 12, what is 61ab + -aa?
6101
In base 5, what is 20 + -220010?
-214440
In base 5, what is -423340 - -23?
-423312
In base 13, what is -1288 + -5?
-1290
In base 15, what is 9103 + -4?
90ee
In base 10, what is -359 - 3693?
-4052
In base 9, what is -14141 - 11?
-14152
In base 16, what is 118adf - -3?
118ae2
In base 6, what is -125240 - -1?
-125235
In base 6, what is -20 - -150452?
150432
In base 3, what is -201211121 - -10?
-201211111
In base 10, what is -27 + -5417?
-5444
In base 5, what is -10 + 13132104?
13132044
In base 9, what is -506231 + -20?
-506251
In base 3, what is 11120 + 122121?
211011
In base 4, what is -12 + 1032223?
1032211
In base 8, what is 0 - 1447043?
-1447043
In base 13, what is 3 - 7871?
-786b
In base 13, what is 1 + 4b81?
4b82
In base 16, what is 8382 - 2?
8380
In base 11, what is -24 + -5811?
-5835
In base 16, what is -10 - -4c?
3c
In base 15, what is -3 - 31db6?
-31db9
In base 6, what is 30445 - -45?
30534
In base 15, what is -49e + 23?
-47b
In base 7, what is 1105351 - -5?
1105356
In base 16, what is -5 + -9f05?
-9f0a
In base 2, what is -10001111 - 1100101010100?
-1100111100011
In base 6, what is -5 + 413555?
413550
In base 3, what is -11010100 + -1000?
-11011100
In base 4, what is 2322013 + 10?
2322023
In base 9, what is -10587 - 1?
-10588
In base 2, what is -101 - -1001010110111000?
1001010110110011
In base 7, what is -2061 - -1660?
-101
In base 13, what is -7620 - -8?
-7615
In base 9, what is -111416 + -12?
-111428
In base 10, what is -617 + 84?
-533
In base 13, what is 1357 - 78?
12ac
In base 6, what is 103241 + 221?
103502
In base 15, what is 2 + -10a15?
-10a13
In base 13, what is -a1c - -3?
-a19
In base 15, what is -27dc - e?
-27eb
In base 12, what is -2028 + 11?
-2017
In base 9, what is -10 - 62628?
-62638
In base 12, what is -60212 - -1?
-60211
In base 11, what is 8a43 + 18?
8a60
In base 8, what is -1424 + 555?
-647
In base 9, what is -100 + -12?
-112
In base 4, what is -2 - 20213?
-20221
In base 7, what is 13 + 36451?
36464
In base 4, what is -223 + 33331?
33102
In base 6, what is -22242503 + 3?
-22242500
In base 4, what is -11112 - -1032320?
1021202
In base 15, what is 0 + 1adbd?
1adbd
In base 11, what is -4668 - 35?
-46a2
In base 8, what is -6 - 6573?
-6601
In base 6, what is -14234014 + -3?
-14234021
In base 7, what is -165 - -433?
235
In base 10, what is 131 + -92?
39
In base 2, what is -110000101101 + -101?
-110000110010
In base 15, what is -1ad - a1e?
-bcc
In base 10, what is 125 - -226?
351
In base 15, what is 452 - e78?
-a26
In base 5, what is 11 + -13122?
-13111
In base 3, what is 2111 + 102100?
111211
In base 3, what is -11 + 11222211?
11222200
In base 12, what is -1a3b1 - -2?
-1a3ab
In base 16, what is -1b26b - -4?
-1b267
In base 11, what is 7a49 - 7?
7a42
In base 4, what is 1 + -1212?
-1211
In base 2, what is -111001010011111100 - 1?
-111001010011111101
In base 4, what is -11 + -10320202313?
-10320202330
In base 11, what is 2 - -242436?
242438
In base 11, what is 3a76 + -433?
3643
In base 7, what is -2456404 + 3?
-2456401
In base 5, what is 2332342 + -30?
2332312
In base 6, what is -3 - 44541?
-44544
In base 14, what is -31 - -2086?
2055
In base 13, what is 2 + -1c808?
-1c806
In base 9, what is 131 - -341?
472
In base 10, what is 258 + -252?
6
In base 14, what is 4d7 - 97?
440
In base 10, what is -1 - -33436?
33435
In base 3, what is 11111 + 21101?
102212
In base 5, what is -22002 - -102?
-21400
In base 12, what is 4456 - 51?
4405
In base 9, what is -558 + 3268?
2610
In base 5, what is -12 - 32342?
-32404
In base 3, what is 212 + -1101122200?
-1101121211
In base 4, what is 30200202330 + 0?
30200202330
In base 4, what is -2103 - -10002103?
10000000
In base 6, what is -133114 + 124?
-132550
In base 13, what is 7 - c06?
-bcc
In base 14, what is -24 + 1b23?
1add
In base 7, what is 6 - -11364?
11403
In base 9, what is -8416 + -20?
-8436
In base 11, what is -5 + -3a4402?
-3a4407
In base 3, what is 11 - 211220211102?
-211220211021
In base 14, what is -864 + -c?
-872
In base 15, what is 7a40 + 4?
7a44
In base 6, what is -2 + -5452514?
-5452520
In base 12, what is -400b - -3?
-4008
In base 15, what is -5 + b103?
b0ed
In base 16, what is -84 + 0?
-84
In base 2, what is -10101001010000 - -1?
-10101001001111
In base 15, what is 41b1 + 7?
41b8
In base 11, what is 2592 - 22a?
2363
In base 6, what is -132221011 + -2?
-132221013
In base 11, what is -1214 - -28?
-1197
In base 6, what is -2 + 1433513?
1433511
In base 9